{"id":3,"date":"2024-01-23T16:37:47","date_gmt":"2024-01-23T15:37:47","guid":{"rendered":"https:\/\/doctoradofisica.uni.edu.pe\/?page_id=3"},"modified":"2024-02-20T16:57:26","modified_gmt":"2024-02-20T21:57:26","slug":"politica-privacidad","status":"publish","type":"page","link":"https:\/\/doctoradofisica.uni.edu.pe\/index.php\/politica-privacidad\/","title":{"rendered":"Pol\u00edticas de privacidad"},"content":{"rendered":"\n<p><strong>Generalidades<\/strong><\/p>\n\n\n\n<p>El Programa de Doctorado en Ciencias con Menci\u00f3n en F\u00edsica de la Universidad Nacional de Ingenier\u00eda, con domicilio en Av. T\u00fapac Amaru 210 en el distrito del R\u00edmac, agradece su inter\u00e9s por este Website. Su privacidad es importante para nosotros y queremos que entienda nuestra pol\u00edtica relacionada a c\u00f3mo recogemos informaci\u00f3n de los visitantes a este site y los que hacemos de dicha informaci\u00f3n. Por favor lea con cuidado cada porci\u00f3n o p\u00e1gina del site que visite. Ciertas porciones o p\u00e1ginas del site pueden contener cambios a la Declaraci\u00f3n de Privacidad aplicable al uso que le d\u00e9 a esa porci\u00f3n o p\u00e1gina. Por ejemplo, ciertas aplicaciones pueden solicitarle informaci\u00f3n adicional.<\/p>\n\n\n\n<p>En algunas ocasiones, cuando contactemos con Usted por otros canales, haremos referencia a esta Pol\u00edtica de Privacidad.<\/p>\n\n\n\n<p>Cuando le pidamos su autorizaci\u00f3n para tratar sus datos personales bajo las condiciones de este documento, se entender\u00e1 que usted la ha brindado si hace click al cuadro de marcaci\u00f3n, en el bot\u00f3n de \u201cS\u00ed, acepto\u201d u otros similares que denoten su consentimiento expreso e inequ\u00edvoco.<\/p>\n\n\n\n<p><strong>Informaci\u00f3n y Usos<\/strong><\/p>\n\n\n\n<p>Cuando alguien visita el site, nuestro servidor autom\u00e1ticamente recoge informaci\u00f3n que permite al site comunicarse con la computadora del visitante. Tambi\u00e9n recogemos informaci\u00f3n tal como el n\u00famero de visitas al site, que parte del site fueron visitadas, direcci\u00f3n IP (la direcci\u00f3n de Internet asignada a su computadora por su proveedor del servicio de Internet), fecha y hora. Usamos ese tipo de informaci\u00f3n con prop\u00f3sitos estad\u00edsticos que nos ayudan a ordenar y administrar el site. Ese tipo de informaci\u00f3n no contiene informaci\u00f3n personal que nos permita identificar o localizar al visitante.<\/p>\n\n\n\n<p>Las preocupaciones sobre privacidad se concentran en el tema de la informaci\u00f3n personal, es decir, la informaci\u00f3n que pudiera identificar a un individuo espec\u00edfico como nombre, direcci\u00f3n, correo electr\u00f3nico y n\u00famero de tel\u00e9fono. Si durante su visita personaliza el site, llena un formulario, solicita algo o participa en un concurso suministra su informaci\u00f3n cuando lo contactemos por otros canales, usted nos puede estar dando informaci\u00f3n personal.<\/p>\n\n\n\n<p>Si Usted acepta esta Pol\u00edtica de Privacidad, entonces entiende que la el Programa de Doctorado en Ciencias con Menci\u00f3n en F\u00edsica de la Universidad Nacional de Ingenier\u00eda recopilar\u00e1 su informaci\u00f3n en su banco de datos de \u201cSolicitar informaci\u00f3n\u201d, por plazo indeterminado o hasta que decida ejercer su derecho de revocaci\u00f3n, para las siguientes finalidades: (i) Contactarle y brindarle informaci\u00f3n sobre los programas y servicios educativos que ofrece, as\u00ed como para invitarle a talleres, charla y eventos informativos; (ii) absolver sus dudas, reclamos y sugerencias; (iii) Evaluar su perfil financiero como posible alumno; (iv) Generar estad\u00edsticas o informaci\u00f3n hist\u00f3rica, de manera anonimizada o disociada.<\/p>\n\n\n\n<p>Tal como se explica abajo, en la secci\u00f3n de Compartici\u00f3n de informaci\u00f3n a terceros, no distribuimos o vendemos informaci\u00f3n a terceros a fin de permitirles que le informen acerca de sus productos y servicios. M\u00e1s a\u00fan, tal como se explica en la secci\u00f3n Optar por salir\/Modificaci\u00f3n, en caso as\u00ed lo solicite, haremos un esfuerzo razonable para retirar su informaci\u00f3n personal de nuestra base de datos de tal modo que no recibir\u00e1 m\u00e1s comunicaci\u00f3n nuestra en el futuro. Si nos informa que la informaci\u00f3n personal que suministr\u00f3 a nuestro site ya no es v\u00e1lida, haremos un esfuerzo razonable por efectuar los cambios necesarios.<\/p>\n\n\n\n<p><strong>Compartici\u00f3n de Informaci\u00f3n a Terceros<\/strong><\/p>\n\n\n\n<p>Comunicarse con usted a trav\u00e9s del Internet y enviarle informaci\u00f3n, productos y servicios por cualquier otro medio necesariamente involucra que su informaci\u00f3n personal pase o sea manejada por terceras personas. Sin embargo, El Programa de Doctorado en Ciencias con Menci\u00f3n en F\u00edsica de la Universidad Nacional de Ingenier\u00eda, no vende o distribuye su informaci\u00f3n personal a terceros a fin de permitirles promocionar sus productos o servicios. El manejo de su informaci\u00f3n personal se realizar\u00e1 en estricto cumplimiento de lo normado por la Ley N\u00b0 29733, Ley de Protecci\u00f3n de datos personales.<\/p>\n\n\n\n<p>Al aceptar esta Pol\u00edtica de Privacidad, el Programa de Doctorado en Ciencias con Menci\u00f3n en F\u00edsica de la Universidad Nacional de Ingenier\u00eda podr\u00e1 tratar los datos que hubiera proporcionado directamente al mismo programa, aquellos que pudieran encontrarse en fuentes accesibles para el p\u00fablico o los que hayan sido obtenidos de terceros, para las finalidades antes indicadas, las cuales podr\u00e1n realizarse se manera directa o mediante terceros encargados, los cuales pueden encontrarse dentro o fuera del Per\u00fa. El Programa de Doctorado en Ciencias con Menci\u00f3n en F\u00edsica de la Universidad Nacional de Ingenier\u00eda y estos terceros encargados adoptar\u00e1n las medidas de seguridad, t\u00e9cnicas, legales y organizativas necesarias para resguardar sus datos personales. Cuando corresponda, actualizaremos esta Pol\u00edtica de Privacidad, para informar de estos terceros.<\/p>\n\n\n\n<p>El Programa de Doctorado en Ciencias con Menci\u00f3n en F\u00edsica de la Universidad Nacional de Ingenier\u00eda podr\u00e1 compartir sus datos con su matriz Universidad Nacional de Ingenier\u00eda, ubicada en Av. T\u00fapac Amaru 210 en el distrito del R\u00edmac en Lima Metropolitana; y podr\u00e1 transferir tus datos a las dem\u00e1s entidades educativas de la Universidad Nacional de Ingenier\u00eda UNI para las mismas finalidades antes se\u00f1aladas.<\/p>\n\n\n\n<p>De no proporcionar esta autorizaci\u00f3n, el Programa de Doctorado en Ciencias con Menci\u00f3n en F\u00edsica de la Universidad Nacional de Ingenier\u00eda no podr\u00e1 llevar a cabo las finalidades descritas precedentemente, ni podr\u00e1 compartir su informaci\u00f3n con las entidades de la Universidad Nacional de Ingenier\u00eda UNI.<\/p>\n\n\n\n<p><strong>Informaci\u00f3n Colocada en su Computador<\/strong><\/p>\n\n\n\n<p>Es posible que guardemos alguna informaci\u00f3n com\u00fanmente conocida como \u201ccookie\u201d en su computador cuando visita el site. Esta informaci\u00f3n facilita el personalizar su uso del site y asegura que no necesite ingresar su informaci\u00f3n cada vez que nos visite. Puede borrar o bloquear esta informaci\u00f3n de su computador si lo desea. (Su pantalla de \u2018ayuda\u201d o su manual de usuario le indicar\u00e1 como hacerlo).<\/p>\n\n\n\n<p><strong>Hiperlinks<\/strong><\/p>\n\n\n\n<p>Este site podr\u00eda contener links a sites de los que El Programa de Doctorado en Ciencias con Menci\u00f3n en F\u00edsica de la Universidad Nacional de Ingenier\u00eda no es due\u00f1o, no controla o mantiene. No podemos hacernos responsables por sus pol\u00edticas o pr\u00e1cticas de privacidad y no representamos ni garantizamos las pol\u00edticas de privacidad de esos sites. De igual modo, no somos responsables por las pol\u00edticas o pr\u00e1cticas de ning\u00fan site desde el cual usted se conect\u00f3 con nuestro Web site. Recomendamos que verifique la pol\u00edtica de privacidad de otros site y que se comunique con el operador si tuviese alguna duda o pregunta.<\/p>\n\n\n\n<p><strong>Informaci\u00f3n Sensible<\/strong><\/p>\n\n\n\n<p>El Programa de Doctorado en Ciencias con Menci\u00f3n en F\u00edsica de la Universidad Nacional de Ingenier\u00eda no busca ning\u00fan tipo de informaci\u00f3n sensible de los visitantes a este site a menos que est\u00e9n legalmente requeridos de hacerlo, por ejemplo, en conexi\u00f3n a reclutamiento o contrato de personal.<\/p>\n\n\n\n<p>El Programa de Doctorado en Ciencias con Menci\u00f3n en F\u00edsica de la Universidad Nacional de Ingenier\u00eda acepta su consentimiento expl\u00edcito para usar esa informaci\u00f3n de la manera descrita en esta Declaraci\u00f3n de Privacidad o en el modo descrito en el punto donde se solicita este tipo de informaci\u00f3n.<\/p>\n\n\n\n<p>Optar por Salir\/Modificaci\u00f3n de Informaci\u00f3n<\/p>\n\n\n\n<p>Porque nuestro compromiso en proteger sus datos personales es importante, le indicamos que puede ejercer sus derechos PDP (Informaci\u00f3n, Acceso, Rectificaci\u00f3n, Cancelaci\u00f3n, Oposici\u00f3n y Revocatoria)&nbsp;aqu\u00ed.<\/p>\n\n\n\n<p><strong>Condiciones de Uso, Notificaciones y Revisiones<\/strong><\/p>\n\n\n\n<p>Si usted escoge visitar nuestro site, su visita y cualquier disputa sobre privacidad est\u00e1n sujetas a esta Declaraci\u00f3n de Privacidad y a nuestras Condiciones generales de uso, incluyendo cualquier limitaci\u00f3n sobre da\u00f1os, arbitraje de disputas y la aplicaci\u00f3n de las provisiones de ley. Nos reservamos el derecho de cambiar esta declaraci\u00f3n en cualquier momento, sin aviso excepto en los casos que aqu\u00ed se consignan.<\/p>\n\n\n\n<p>He sido informado que El Programa de Doctorado en Ciencias con Menci\u00f3n en F\u00edsica de la Universidad Nacional de Ingenier\u00eda garantiza mi ejercicio de los derechos de Acceso, Rectificaci\u00f3n, Cancelaci\u00f3n y Oposici\u00f3n contenidos en la Ley de Protecci\u00f3n de Datos Personales, Ley 29733, y su Reglamento, Decreto Supremo 003-2013-JUS. Para ello, podr\u00e1 dirigir una comunicaci\u00f3n gratuita al siguiente correo electr\u00f3nico:&nbsp;doctoradoprivacidad@uni.edu.pe<\/p>\n","protected":false},"excerpt":{"rendered":"<p>Generalidades El Programa de Doctorado en Ciencias con Menci\u00f3n en F\u00edsica de la Universidad Nacional de Ingenier\u00eda, con domicilio en Av. T\u00fapac Amaru 210 en el distrito del R\u00edmac, agradece su inter\u00e9s por este Website. Su privacidad es importante para nosotros y queremos que entienda nuestra pol\u00edtica relacionada a c\u00f3mo recogemos informaci\u00f3n de los visitantes &#8230; <a title=\"Pol\u00edticas de privacidad\" class=\"read-more\" href=\"https:\/\/doctoradofisica.uni.edu.pe\/index.php\/politica-privacidad\/\" aria-label=\"M\u00e1s en Pol\u00edticas de privacidad\">Leer m\u00e1s<\/a><\/p>\n","protected":false},"author":1,"featured_media":0,"parent":0,"menu_order":0,"comment_status":"closed","ping_status":"open","template":"templates\/privacy-policy.php","meta":{"_acf_changed":false,"footnotes":""},"class_list":["post-3","page","type-page","status-publish"],"acf":[],"yoast_head":"<!-- This site is optimized with the Yoast SEO Premium plugin v21.5 (Yoast SEO v21.9) - https:\/\/yoast.com\/wordpress\/plugins\/seo\/ -->\n<title>Pol\u00edticas de privacidad - UNI<\/title>\n<meta name=\"robots\" content=\"index, follow, max-snippet:-1, max-image-preview:large, max-video-preview:-1\" \/>\n<link rel=\"canonical\" href=\"https:\/\/doctoradofisica.uni.edu.pe\/index.php\/politica-privacidad\/\" \/>\n<meta property=\"og:locale\" content=\"es_ES\" \/>\n<meta property=\"og:type\" content=\"article\" \/>\n<meta property=\"og:title\" content=\"Pol\u00edticas de privacidad\" \/>\n<meta property=\"og:description\" content=\"Generalidades El Programa de Doctorado en Ciencias con Menci\u00f3n en F\u00edsica de la Universidad Nacional de Ingenier\u00eda, con domicilio en Av. T\u00fapac Amaru 210 en el distrito del R\u00edmac, agradece su inter\u00e9s por este Website. Su privacidad es importante para nosotros y queremos que entienda nuestra pol\u00edtica relacionada a c\u00f3mo recogemos informaci\u00f3n de los visitantes ... Leer m\u00e1s\" \/>\n<meta property=\"og:url\" content=\"https:\/\/doctoradofisica.uni.edu.pe\/index.php\/politica-privacidad\/\" \/>\n<meta property=\"og:site_name\" content=\"UNI\" \/>\n<meta property=\"article:modified_time\" content=\"2024-02-20T21:57:26+00:00\" \/>\n<meta name=\"twitter:card\" content=\"summary_large_image\" \/>\n<meta name=\"twitter:label1\" content=\"Tiempo de lectura\" \/>\n\t<meta name=\"twitter:data1\" content=\"6 minutos\" \/>\n<script type=\"application\/ld+json\" class=\"yoast-schema-graph\">{\"@context\":\"https:\/\/schema.org\",\"@graph\":[{\"@type\":\"WebPage\",\"@id\":\"https:\/\/doctoradofisica.uni.edu.pe\/index.php\/politica-privacidad\/\",\"url\":\"https:\/\/doctoradofisica.uni.edu.pe\/index.php\/politica-privacidad\/\",\"name\":\"Pol\u00edticas de privacidad - UNI\",\"isPartOf\":{\"@id\":\"http:\/\/doctoradofisica.uni.edu.pe\/#website\"},\"datePublished\":\"2024-01-23T15:37:47+00:00\",\"dateModified\":\"2024-02-20T21:57:26+00:00\",\"breadcrumb\":{\"@id\":\"https:\/\/doctoradofisica.uni.edu.pe\/index.php\/politica-privacidad\/#breadcrumb\"},\"inLanguage\":\"es\",\"potentialAction\":[{\"@type\":\"ReadAction\",\"target\":[\"https:\/\/doctoradofisica.uni.edu.pe\/index.php\/politica-privacidad\/\"]}]},{\"@type\":\"BreadcrumbList\",\"@id\":\"https:\/\/doctoradofisica.uni.edu.pe\/index.php\/politica-privacidad\/#breadcrumb\",\"itemListElement\":[{\"@type\":\"ListItem\",\"position\":1,\"name\":\"Portada\",\"item\":\"http:\/\/doctoradofisica.uni.edu.pe\/\"},{\"@type\":\"ListItem\",\"position\":2,\"name\":\"Pol\u00edticas de privacidad\"}]},{\"@type\":\"WebSite\",\"@id\":\"http:\/\/doctoradofisica.uni.edu.pe\/#website\",\"url\":\"http:\/\/doctoradofisica.uni.edu.pe\/\",\"name\":\"UNI\",\"description\":\"\",\"potentialAction\":[{\"@type\":\"SearchAction\",\"target\":{\"@type\":\"EntryPoint\",\"urlTemplate\":\"http:\/\/doctoradofisica.uni.edu.pe\/?s={search_term_string}\"},\"query-input\":\"required name=search_term_string\"}],\"inLanguage\":\"es\"}]}<\/script>\n<!-- \/ Yoast SEO Premium plugin. -->","yoast_head_json":{"title":"Pol\u00edticas de privacidad - UNI","robots":{"index":"index","follow":"follow","max-snippet":"max-snippet:-1","max-image-preview":"max-image-preview:large","max-video-preview":"max-video-preview:-1"},"canonical":"https:\/\/doctoradofisica.uni.edu.pe\/index.php\/politica-privacidad\/","og_locale":"es_ES","og_type":"article","og_title":"Pol\u00edticas de privacidad","og_description":"Generalidades El Programa de Doctorado en Ciencias con Menci\u00f3n en F\u00edsica de la Universidad Nacional de Ingenier\u00eda, con domicilio en Av. T\u00fapac Amaru 210 en el distrito del R\u00edmac, agradece su inter\u00e9s por este Website. Su privacidad es importante para nosotros y queremos que entienda nuestra pol\u00edtica relacionada a c\u00f3mo recogemos informaci\u00f3n de los visitantes ... Leer m\u00e1s","og_url":"https:\/\/doctoradofisica.uni.edu.pe\/index.php\/politica-privacidad\/","og_site_name":"UNI","article_modified_time":"2024-02-20T21:57:26+00:00","twitter_card":"summary_large_image","twitter_misc":{"Tiempo de lectura":"6 minutos"},"schema":{"@context":"https:\/\/schema.org","@graph":[{"@type":"WebPage","@id":"https:\/\/doctoradofisica.uni.edu.pe\/index.php\/politica-privacidad\/","url":"https:\/\/doctoradofisica.uni.edu.pe\/index.php\/politica-privacidad\/","name":"Pol\u00edticas de privacidad - UNI","isPartOf":{"@id":"http:\/\/doctoradofisica.uni.edu.pe\/#website"},"datePublished":"2024-01-23T15:37:47+00:00","dateModified":"2024-02-20T21:57:26+00:00","breadcrumb":{"@id":"https:\/\/doctoradofisica.uni.edu.pe\/index.php\/politica-privacidad\/#breadcrumb"},"inLanguage":"es","potentialAction":[{"@type":"ReadAction","target":["https:\/\/doctoradofisica.uni.edu.pe\/index.php\/politica-privacidad\/"]}]},{"@type":"BreadcrumbList","@id":"https:\/\/doctoradofisica.uni.edu.pe\/index.php\/politica-privacidad\/#breadcrumb","itemListElement":[{"@type":"ListItem","position":1,"name":"Portada","item":"http:\/\/doctoradofisica.uni.edu.pe\/"},{"@type":"ListItem","position":2,"name":"Pol\u00edticas de privacidad"}]},{"@type":"WebSite","@id":"http:\/\/doctoradofisica.uni.edu.pe\/#website","url":"http:\/\/doctoradofisica.uni.edu.pe\/","name":"UNI","description":"","potentialAction":[{"@type":"SearchAction","target":{"@type":"EntryPoint","urlTemplate":"http:\/\/doctoradofisica.uni.edu.pe\/?s={search_term_string}"},"query-input":"required name=search_term_string"}],"inLanguage":"es"}]}},"_links":{"self":[{"href":"https:\/\/doctoradofisica.uni.edu.pe\/index.php\/wp-json\/wp\/v2\/pages\/3"}],"collection":[{"href":"https:\/\/doctoradofisica.uni.edu.pe\/index.php\/wp-json\/wp\/v2\/pages"}],"about":[{"href":"https:\/\/doctoradofisica.uni.edu.pe\/index.php\/wp-json\/wp\/v2\/types\/page"}],"author":[{"embeddable":true,"href":"https:\/\/doctoradofisica.uni.edu.pe\/index.php\/wp-json\/wp\/v2\/users\/1"}],"replies":[{"embeddable":true,"href":"https:\/\/doctoradofisica.uni.edu.pe\/index.php\/wp-json\/wp\/v2\/comments?post=3"}],"version-history":[{"count":4,"href":"https:\/\/doctoradofisica.uni.edu.pe\/index.php\/wp-json\/wp\/v2\/pages\/3\/revisions"}],"predecessor-version":[{"id":712,"href":"https:\/\/doctoradofisica.uni.edu.pe\/index.php\/wp-json\/wp\/v2\/pages\/3\/revisions\/712"}],"wp:attachment":[{"href":"https:\/\/doctoradofisica.uni.edu.pe\/index.php\/wp-json\/wp\/v2\/media?parent=3"}],"curies":[{"name":"wp","href":"https:\/\/api.w.org\/{rel}","templated":true}]}}